2 - 1270316 = -176*d. Is d prime?
False
Let x be -4 + -2 + (6 - -1) + -1. Suppose 4*p + 2*h - 66 = 0, -46 = -x*p - 3*p + 2*h. Is (-3)/4 + (-6 - (-13516)/p) a prime number?
False
Let o(y) be the second derivative of 9*y**5/20 - y**4/12 + y**3 + 3*y**2/2 - 14*y. Is o(4) composite?
False
Let p be (0/(-10))/((-4)/2 + 0). Suppose 0 = -2*n, 2*a + 4*n + 5 + 9 = p. Let v(u) = -44*u + 13. Is v(a) a composite number?
True
Suppose -3*h - 43319 + 3139 = -5*o, 0 = o - 5*h - 8014. Is o prime?
True
Let c(u) = 6*u**3 - 21*u**2 + 28*u - 18. Let o be c(7). Suppose 6*i + 5*t + 260 = i, -3*t - 44 = i. Let b = i + o. Is b composite?
False
Suppose 5*s - 23 = -2*q, -4*q + s + 31 + 4 = 0. Let i be -6 + q/3 + (1 - -2). Is 0 + (716 - 3) + i + -4 a prime number?
True
Let v = 272 + -269. Suppose -b - 1766 = -3*l, -3*l + v*b + 2022 - 246 = 0. Is l composite?
False
Let g be 2/23 - (-1289750)/506. Suppose 0 = -3*s + s + 10. Suppose 0 = -s*t - 5*h + 5520, 4*t - 5*h - g = 1822. Is t a composite number?
True
Suppose -5*d + 5*a - 30 = 0, a + 3 = 2. Is 1248 + (d - -4) - 2 a composite number?
True
Suppose -4*i = -11*q + 6*q + 6, -3*q + 2 = -2*i. Let b(s) = -34*s**3 + 5*s**2 + 2*s - 3. Let p be b(i). Suppose -13*u = -8*u - p. Is u prime?
True
Let l be 2/(-2)*-436 - 0. Suppose 238 = -4*y + 254. Suppose -2*t + 2*w - l = -y*t, w - 654 = -3*t. Is t prime?
False
Is ((-71)/3)/(2/(-8067)) + (-5547)/(-3698) a prime number?
True
Suppose 11 - 2 = 4*n + 5*w, -5*w - 9 = n. Let b be (-93 - -9)/((-4)/n). Let v = 389 - b. Is v a composite number?
False
Let b be ((-96)/112)/((-1)/35). Suppose 33*y - b*y - 33597 = 0. Is y prime?
False
Let y be 82445/10 + 3/6. Suppose -4*r + 8500 = -5*s - 2468, s - y = -3*r. Is r prime?
False
Suppose 0 = 15*d - 38 - 367. Suppose 8943 - 465 = d*q. Is q prime?
False
Suppose -b + 201325 - 10044 = 4*x, 5*x = 3*b + 239114. Suppose 3*u + x = 4*k, 2*k + 3*u = -2*k + 47851. Is k composite?
False
Is 22/(-33) + (-497273)/(-3) a prime number?
False
Let n = 378 - 353. Suppose -n*c - 3922 = -27*c. Is c a prime number?
False
Suppose -2*i + 4*i + 10246 = 4*k, -k + 4*i = -2572. Let d be -43*(-30 - 9/(-3)). Let y = k - d. Is y prime?
True
Let z = 317 + -91. Suppose 0 = 6*j + z + 98. Is ((-844)/(-6))/((-36)/j) a composite number?
False
Let f be 10/(-5)*-3 - 2. Suppose 0 = -4*r - 3*n + n + 2736, -f*n = -r + 675. Is r prime?
True
Let q = 985613 - 402718. Is q a composite number?
True
Suppose 0 = 3*a - 5*w - 127671, -2*w + 85114 = 2*a - 5*w. Is a prime?
True
Let k(f) be the third derivative of 2*f**4/3 - 61*f**3/6 + 162*f**2. Is k(17) prime?
True
Suppose 0 = -3*n + u + 256727, -5*u = 195 - 155. Is n prime?
False
Let w = -51354 - -146531. Is w composite?
False
Let f(v) = -2814*v + 583. Is f(-70) prime?
False
Suppose -3*t = -r + 6041, -9*r - 2*t + 0*t = -54253. Is r a composite number?
False
Suppose -8*c - 366 - 130 = 0. Let g = 65 + c. Is (2*g/(-12))/((-2)/2764) prime?
True
Let q(s) = 497*s + 238. Let x be q(13). Let m = x - -892. Is m composite?
False
Suppose -5*v - 3*z - z + 67 = 0, -5*v + 64 = 3*z. Suppose -v*h + 3890 = -h. Suppose -6*y = h - 3299. Is y prime?
False
Suppose 78*v - 151647 - 8487 = 0. Is v a composite number?
False
Suppose 127*c + 73*c = 7670200. Is c prime?
True
Let o(n) = 5469*n + 32. Let v = 147 + -146. Is o(v) prime?
True
Let r(d) = -d**3 + 32*d**2 - 38*d - 24. Is r(29) composite?
True
Let w = 21365 - 4948. Let h = w - 10466. Is h a prime number?
False
Let m(c) = 12*c + 4255. Let n be m(0). Let r = -2052 + n. Is r prime?
True
Let c = -231356 - -357663. Is c prime?
True
Suppose -15*p - 240 = p. Suppose b + 18 = -3*x, 2*x + 19 + 21 = -3*b. Is b/30 - 9741/p a composite number?
True
Let c be 3895/5 - (-2)/(-1). Let w = -1354 + c. Let a = 992 + w. Is a a composite number?
True
Let w(z) = -z**3 + 13*z**2 + 397*z + 9. Is w(25) a composite number?
True
Suppose -t + 342626 = -p, 1370531 = 4*t - 10*p + 15*p. Is t prime?
False
Let d = -58256 - -144417. Is d a prime number?
True
Let b(u) = 8205*u**2 - 9*u - 17. Is b(-2) prime?
False
Suppose -76*q - 19*q = -181165. Is q prime?
True
Suppose 70796 = 13*d - 17*d. Let k = 30474 + d. Is k/7 + (-12)/3 composite?
True
Let m(r) = -71*r + 126. Let c = -124 + 111. Is m(c) a composite number?
False
Let v(s) = s**3 - 9*s**2 - 18*s + 32. Let n be v(22). Suppose -9*l - n + 33405 = 0. Is l prime?
False
Suppose 12*u - 32 + 8 = 0. Suppose 5*m - 10 = 0, u*k - 2*m - 30552 = -7818. Is k prime?
True
Let k(q) = q**3 - 11*q**2 + 6*q + 45. Let a be k(10). Is 23258 + (4 - 6 - a) a composite number?
False
Let l(k) = 6*k**2 - 4*k + 51. Let b = 77 - 93. Is l(b) a prime number?
False
Let w be 7 - (-22)/(-3) - (-34)/3. Suppose 0 = -10*p + w*p - 6. Is p composite?
True
Suppose -128*j + 9273264 = -16029392. Is j a prime number?
True
Let y = 51976 - 74162. Let c = y + 31614. Is c/(-6)*3/(-2) - -2 a composite number?
True
Let o(t) = -t**2 + 22*t - 18. Let g be o(21). Suppose -2 = -3*l + p + 12, -p + 4 = g*l. Suppose -9499 + 1018 = -l*r. Is r a composite number?
True
Suppose q + 2*j = 0, 3*j - 5 = -2*j. Let s = 2 - q. Suppose -5*c + 3543 = -f, 3*f + 1568 + 1262 = s*c. Is c a composite number?
False
Suppose -3*j + h + 878 = 0, -5*j - 6*h + 1468 = -3*h. Let a be -1*(j/(-4) + 1/4). Is a*64/6 - 2/3 composite?
True
Suppose -59341350 = -341*d + 114605137. Is d prime?
False
Suppose 219*h = 20023571 - 1698050 - 644118. Is h a prime number?
True
Suppose -4*g - 6 = -3*y + 14, -4*y - 5 = g. Suppose 3*l + n - 57 - 32 = 0, y = -3*l + n + 79. Suppose 0 = -l*k + 27*k + 4271. Is k a prime number?
True
Let t(y) = 365*y**2 + 3*y + 37. Is t(9) prime?
True
Let p be (-176)/(-4)*1/8*6. Let a = p - 23. Suppose 0*j - 23170 = -a*j. Is j prime?
False
Let j = 7476 - -5831. Is j composite?
True
Let f(g) = -g + 26. Let y be f(16). Let r(o) = 3*o**3 + 9*o**2 + 29*o - 31. Is r(y) a prime number?
True
Let n(f) = 43*f**3 - 7*f**2 + 32*f - 67. Is n(9) a composite number?
True
Let g = 726 + 1313. Suppose -3*s = 12, 15*a + 2316 = 17*a - 3*s. Let c = g - a. Is c composite?
False
Suppose -20061096 = -319*f - 3315191. Is f a prime number?
False
Is 19071 - 6*(-7)/21*-1 prime?
True
Suppose 0*h - 170629 = -2*n + 3*h, -n + 85310 = 3*h. Is n a composite number?
False
Let x be (-3)/(-3) + 0 - (1 + -4). Let g be 7*x/(-14)*-2. Suppose -g*p = 4*a - 1752, -2*a + 881 = 2*p - 5*p. Is a a composite number?
False
Suppose -22*m + 411819 + 534379 = 0. Is m a prime number?
False
Let l(i) = -i**3 - 3*i**2 + 6*i + 6. Let x be l(-4). Let d(a) = -80*a**3 + 2*a**2 + 9*a + 19. Is d(x) a prime number?
False
Let v(q) = -389*q**3 - 3*q**2 - 2*q - 1. Let t = 33 - 26. Let o(i) = -1167*i**3 - 10*i**2 - 6*i - 3. Let p(y) = t*v(y) - 2*o(y). Is p(-1) a composite number?
False
Let p = 63 - 55. Let t(m) = -m**3 + 14*m**2 - 5*m + 11. Let r be t(p). Suppose 3*f + 22 = r. Is f prime?
False
Suppose -2*d = 5 - 9. Suppose -2*o - d = -6. Suppose 7*v - 3665 = o*v. Is v a prime number?
True
Let g(u) = u**2 + u - 1. Let q(o) = -46 + 123 - 26*o - 58. Let w(l) = -g(l) - q(l). Is w(24) a prime number?
False
Let u(b) = -b**3 - 37*b**2 + 20*b - 10. Let f(s) = s**2 + 21*s - 60. Let a be f(-22). Is u(a) prime?
False
Suppose -56 = 3*z - 65. Suppose 40*w = -4*b + 39*w + 32329, 0 = -z*b - w + 24246. Is b a composite number?
True
Let c = -23 + 25. Suppose 5*u - 1238 = -x + 2052, 0 = 2*u - c*x - 1328. Let r = u + -278. Is r a prime number?
False
Let i(b) = 94*b - 27. Let k(w) = 188*w - 54. Let a(o) = -5*i(o) + 2*k(o). Is a(-13) prime?
True
Let y(z) = 2*z**2 - 11*z - 35. Let j be y(-15). Let r be ((-7)/2)/(j/(-144) + 4). Suppose 0 = -2*c - r + 424. Is c a prime number?
True
Is 1014356 + 132*(-3)/(-36) a prime number?
False
Let o = 394178 + -225117. Is o a composite number?
True
Let l = 8 + -8. Suppose -5*g + 24537 + 39248 = l. Is g a composite number?
False
Suppose -4*d + 5*l = -110403, -55194 = 19*d - 21*d + 4*l. Is d a prime number?
False
Is (-24984141)/(-690) + (-5)/(-50) prime?
True
Suppose -18*d = -24*d - 15408. Let m = 3925 + d. Is m a composite number?
True
Suppose -3*r + 4 = 5*q, r - 4*q + 5*q - 2 = 0. Suppose k = -r*k + 3616. Let z = -501 + k. Is z prime?
False
Let u(r) = -3*r**2 + 11*r + 9. Let x be u(4). Suppose 2*j - 13 = -x*z, 8*z + 4*j + 7 = 9*z. Suppose 6*l = z*l + 2859. Is l prime?
True
Let o = 537107 + -375756. Is o prime?
False
Suppo